the remainder when n is divided by b.
18
Let s = -78 - -168. Calculate the remainder when s is divided by 13.
12
Suppose 5*u + 41 = t, 2*u = u + 2*t - 1. Let j be (-1050)/u - 3/(-9). Suppose j - 2 = 5*k. Calculate the remainder when 68 is divided by k.
22
Let p(u) = 2*u**2 + 2. Let g be p(2). Suppose 4*r = 6*r - g. Suppose s + 4*n - 4 = r*n, 10 = 2*n. Calculate the remainder when 43 is divided by s.
7
Suppose 4*m - s = 940, 6*m - 3*m - 682 = -5*s. What is the remainder when m is divided by 49?
38
Suppose -2*c - 8 = 0, 4*c = -2*a - 0*c - 8. Suppose 0 = -a*m - 0*m + 56. Calculate the remainder when 26 is divided by m.
12
Suppose r + 2*r = 6. Suppose -s - 2*s - 17 = -5*w, 11 = -3*s - w. Calculate the remainder when 41 is divided by -2*r/s - -10.
8
Suppose -3*t = -2*n - 453 + 297, 0 = 5*t + 5*n - 260. What is the remainder when 135 is divided by t?
31
Let c be -1 + ((-70)/(-2) - 3). Suppose r + 1 = 3*m, -r + 2*r - c = -5*m. Calculate the remainder when r is divided by 4/10 - 23/(-5).
1
Suppose 4*x = 16, 3*o - 2*x + 1 = -4*x. Let p = o - -28. Let r(i) = 14*i - 194. What is the remainder when r(19) is divided by p?
22
Let p(m) = m**3 + 8*m**2 + 10*m - 8. Let g be p(-6). Suppose -g*b = -3 - 13. Let o = 48 + -10. Calculate the remainder when o is divided by b.
2
Let w(a) = 2*a - 22. Calculate the remainder when 30 is divided by w(13).
2
Let b(p) = -5*p + 11. Let w(v) = -4*v + 10. Let c(k) = -5*b(k) + 6*w(k). Let t be c(-9). What is the remainder when 17 is divided by 6/((-6)/(-2)) - t?
5
Let p = 409 + -246. Calculate the remainder when p is divided by 28.
23
What is the remainder when 1180/35 + (-12)/(-42) is divided by 20?
14
Let j be (2 - (-1 + 0))/1. Suppose -63 = j*s - 513. Suppose -3*a - 2*a = -s. Calculate the remainder when a is divided by 11.
8
Suppose 120 = 8*v - 2*v. Calculate the remainder when 41 is divided by v.
1
Let h(j) = -24*j + 250. What is the remainder when 347 is divided by h(8)?
57
Let w = -28 - -45. Let y = 27 - w. Let n(j) = j - 3. Calculate the remainder when 24 is divided by n(y).
3
Suppose -113 = -5*q - 4*b, -7*q + 4*b + 97 = -2*q. Let x = 1 + q. Calculate the remainder when 41 is divided by x.
19
Suppose 0 = -12*j + 20*j - 392. What is the remainder when j is divided by 13?
10
Let g(o) = 3*o**2 - 4*o + 3. Let d(v) = v**2 - v - 1. Let p(t) = 4*d(t) - g(t). What is the remainder when 35 is divided by p(5)?
17
Let x(z) = -14*z + 12. Let v be x(-4). Suppose -64*u = -v*u + 216. Calculate the remainder when u is divided by (33/(-6))/((-1)/2).
10
Let q = -4 + 9. Let n(v) = 19*v + 1275. What is the remainder when q is divided by n(-67)?
1
Suppose 5*p - 12 = 9*p. Suppose -d = -3*s + 8 + 2, -5*d + 3*s + 10 = 0. What is the remainder when (1 + 3 + p)*(4 + 3) is divided by d?
2
Suppose 4*m + 82 = 206. Calculate the remainder when 41 is divided by m.
10
Suppose 5*n + 3 - 18 = 0. Let p(b) = b - 7. Let m be p(5). Let u(d) = -4*d - 2. Calculate the remainder when u(m) is divided by n.
0
Let l = 235 + -194. Calculate the remainder when 244 is divided by l.
39
Suppose 4 = 3*n - 17. Calculate the remainder when (7 - 750/(-48)) + (-15)/(-40) is divided by n.
2
Suppose 2*j + 5*w - 29 = 0, -5*j = -w + 1 - 6. Suppose j*z - 5*z + 24 = 0. Calculate the remainder when 61 is divided by z.
5
Suppose 0 = -4*q + 2*v + 24, -15 = -4*q + q + 3*v. Suppose 2*k - 12 = -2*k, -5*o - 5 = 5*k. Calculate the remainder when 4/o*9*-1 is divided by q.
2
Let n be ((3 + -3)/(-4))/(-1). Suppose n = 3*d + 3*d - 72. Calculate the remainder when 44 is divided by d.
8
Let u = 38 + 3. Calculate the remainder when 160 is divided by u.
37
Let s be (-120)/(-28) + 2/(-7). Let r(i) = i**3 - 3*i**2 + 5*i - 3. What is the remainder when r(s) is divided by 12?
9
Suppose 4*f - 98 = -5*s, 3*f + 57 = 3*s - 18. Suppose -s*p = -27*p + 465. What is the remainder when p is divided by ((-24)/(-1))/(-1 + 2)?
21
Suppose -3*r + 10*r = 357. What is the remainder when r is divided by 21?
9
Let o be 38/171 + 248/18. Suppose -v - 8 = -o. Calculate the remainder when v is divided by 3.
0
What is the remainder when 14/3*(-1134)/(-49) is divided by 2?
0
Let x(f) = -2*f - 5. Let o be x(-6). Let w(r) = 2*r**2 - o*r**2 - 5*r**2 + r**3 + 3*r**2 - 3 + r. Calculate the remainder when 15 is divided by w(7).
3
Let n(c) = -5*c - 17. Let o(h) = 2*h**2 + 18*h + 8. Let y be o(-8). Suppose 2*u + 3*u - 30 = 0. What is the remainder when n(y) is divided by u?
5
What is the remainder when 8 - (-5 + -8 + -143) is divided by 13?
8
Let s = -738 - -752. What is the remainder when 98 is divided by s?
0
Let o = 74 - 49. Let p = o - 15. Suppose 8*y = 7*y + p. What is the remainder when 38 is divided by y?
8
Suppose 0 = 9*j - 4332 - 3732. What is the remainder when j is divided by 100?
96
Suppose -3*f + 24 = j - 23, -f = 4*j - 12. Suppose -1 = 5*u - f. Suppose x - 6 - 1 = 0. What is the remainder when x is divided by u?
1
Let d = -100 + 249. Calculate the remainder when d is divided by 4.
1
Let l = 665 + -601. What is the remainder when 317 is divided by l?
61
Suppose v - 3*m = 3, 5*v + 4*m + 44 = -36. Let t = v - -17. Suppose 0 = -t*a + 49 + 6. What is the remainder when 32 is divided by a?
10
Let g = -8 - 2. Let v = 30 + g. What is the remainder when 77 is divided by v?
17
Suppose 0 = -2*w + 3*f - 0*f + 4, -5*f - 10 = -5*w. Let q(h) = -h + 1. Calculate the remainder when q(-3) is divided by w.
0
Let f(r) = r**3 + 6*r**2 + 6*r. Suppose 0 = -5*c - 15, 3*p = 2*c - 3 - 3. Let b(i) = 6*i - 21. What is the remainder when b(7) is divided by f(p)?
5
Suppose p - 20 = -p. Suppose f + p = -f, 0 = 4*h + 3*f - 73. What is the remainder when h is divided by 10*(-3)/(60/(-16))?
6
Let b(o) = 2*o**2 + 8*o - 2. What is the remainder when 91 is divided by b(-8)?
29
Suppose 461*u + 186 = 464*u. What is the remainder when 233 is divided by u?
47
Let a = 268 + -254. What is the remainder when a is divided by 2?
0
Let g be (-8)/(-24) + 5/3. Let n be -3 - 1/g*-26. Suppose -n = -2*f + 90. Calculate the remainder when f is divided by 13.
11
Let p(x) = -2*x + 2. Let j be p(7). Calculate the remainder when 1/(72/71 - 1) is divided by 4*j/56*-28.
23
Let o = -79 + 92. Suppose 0 = -4*g + 8*g - 64. Let f = g + -11. What is the remainder when o is divided by f?
3
Let c be 2 + -5 - (-1 + -7 + -2). Calculate the remainder when ((-2)/c + 21/(-98))*-346 is divided by 35.
33
Let o(p) = -177*p + 8. Let h = 64 - 33. Calculate the remainder when h is divided by o(0).
7
Let f = 24 - -10. Let z(c) = 25*c**2 - 5*c - 10. What is the remainder when z(-2) is divided by f?
32
Suppose -3*u + 12 = -u + 4*s, -5*u - 4*s = -48. Let x(d) = 1 - d**2 + 11*d + u - 5. What is the remainder when x(7) is divided by 13?
10
Let u = -4 - 1. Let q(a) = 4*a + 0 - 6*a - 2 + a. Calculate the remainder when q(u) is divided by 2.
1
Suppose 4*d - 358 = 2*w, 5*d + 4*w - 642 = -201. What is the remainder when 440 is divided by d?
84
Suppose 254 = 5*z + 194. What is the remainder when 47 is divided by z?
11
Suppose -5*n + 100 = -35. Calculate the remainder when 593 is divided by n.
26
Suppose 3*n - 81 = -0*n. What is the remainder when -3 - 5 - -83 - -5 is divided by n?
26
Let v(o) = -3*o**2 + 3*o + 33. What is the remainder when 59 is divided by v(0)?
26
Let x(i) = i**3 - 7*i**2 + 8*i + 4. Let m = 1620 - -2693. Calculate the remainder when m/95 - (-2)/(-5) is divided by x(6).
13
Let x = -908 - -1021. Calculate the remainder when 443 is divided by x.
104
Suppose -24*r = -3193 + 2473. Suppose -4*t = 4*w + 648, t + 168 = -w + 3*t. Let q = 252 + w. What is the remainder when q is divided by r?
28
Suppose 0 = -10*w + w + 369. What is the remainder when w is divided by 6?
5
Let z = -21 + 40. Let v(f) = f**2 + 27*f + 13. Let k be v(-27). Let r = z - k. Calculate the remainder when 11 is divided by r.
5
Suppose 2*j + 2*j + 422 = 3*c, 412 = 3*c - 2*j. Let a(s) = s**3 - 24*s**2 - 23*s - 23. Calculate the remainder when c is divided by a(25).
26
Let w = 1529 + -1515. What is the remainder when 391 is divided by w?
13
Let a = 291 + -265. What is the remainder when a is divided by 19?
7
Calculate the remainder when 2 is divided by (4/44)/(11/121).
0
Let w(c) = c**2 + 6*c + 6. Suppose 39 + 8 = 2*n + 5*a, -3*n + 4*a = -59. What is the remainder when w(5) is divided by n?
19
Let m = 43 - 17. Let f(v) = 